54
What is the greatest common factor of 195697172 and 62?
62
Calculate the greatest common factor of 12268978 and 98568.
2738
What is the greatest common divisor of 892132 and 17283?
823
Calculate the greatest common divisor of 452536 and 462.
14
Calculate the greatest common divisor of 9911607 and 2892.
723
Calculate the highest common factor of 601 and 481222503.
601
Calculate the greatest common divisor of 136869 and 11880017.
1061
What is the greatest common factor of 50 and 1620425?
25
What is the highest common factor of 143632 and 1045152?
3056
Calculate the highest common factor of 19914952 and 16.
8
What is the greatest common divisor of 1132060 and 199555?
535
What is the greatest common divisor of 5916348 and 18009?
783
Calculate the highest common factor of 106 and 97997.
53
What is the greatest common divisor of 54398440 and 2580?
860
Calculate the greatest common divisor of 9904 and 24868.
4
Calculate the greatest common divisor of 4860 and 4300020.
540
Calculate the greatest common divisor of 136186966 and 68.
34
Calculate the greatest common divisor of 5076 and 4467042.
54
What is the greatest common divisor of 1334 and 1365262?
58
What is the greatest common divisor of 81774 and 9653049?
3717
What is the greatest common divisor of 1528094 and 614?
2
What is the highest common divisor of 17 and 1125996122?
17
Calculate the highest common divisor of 47461574 and 58.
58
Calculate the highest common divisor of 215204 and 55772.
292
What is the greatest common divisor of 1493586 and 898722?
918
Calculate the greatest common factor of 41033536 and 15723.
1747
What is the greatest common divisor of 1990303 and 1324?
331
What is the highest common divisor of 4974 and 1804002?
6
Calculate the greatest common divisor of 62 and 324086.
2
Calculate the greatest common divisor of 2607 and 10002190.
869
Calculate the highest common divisor of 7960 and 745540.
20
Calculate the highest common divisor of 26 and 11216218.
26
What is the highest common factor of 4002 and 37766874?
4002
What is the highest common divisor of 5009747 and 14399?
17
What is the highest common factor of 127851139 and 39?
13
What is the highest common factor of 4784478 and 754?
58
Calculate the highest common factor of 60840 and 212480.
40
What is the highest common factor of 23409 and 416160?
2601
Calculate the greatest common divisor of 4920 and 57564.
492
What is the highest common factor of 3825 and 1426275?
225
What is the highest common factor of 298442381 and 149?
149
What is the greatest common factor of 180 and 563292?
36
Calculate the highest common factor of 930873 and 54.
3
What is the greatest common factor of 16959628 and 70148?
5396
Calculate the greatest common factor of 1896 and 11017577.
79
Calculate the greatest common divisor of 146413190 and 3080.
770
What is the greatest common divisor of 3884292 and 108?
36
What is the highest common factor of 2268 and 23472180?
324
Calculate the greatest common factor of 10974933 and 40963.
3151
Calculate the greatest common divisor of 825 and 177000.
75
Calculate the highest common divisor of 98148 and 542148.
12
What is the highest common factor of 152 and 12121202?
38
Calculate the greatest common divisor of 23 and 952105401.
23
Calculate the highest common factor of 2 and 12151086.
2
What is the greatest common factor of 433081535 and 4484?
1121
Calculate the highest common divisor of 712 and 31229922.
178
What is the highest common divisor of 12751167 and 3861?
429
Calculate the greatest common divisor of 306944 and 104522.
22
What is the greatest common divisor of 28373593 and 779?
19
What is the greatest common divisor of 1043400 and 170704?
376
Calculate the greatest common divisor of 1110 and 430740.
30
What is the highest common divisor of 2179 and 2260695068?
2179
What is the highest common factor of 14 and 2523227?
7
Calculate the highest common factor of 57391 and 1755373.
1979
What is the greatest common divisor of 579 and 3971733?
3
What is the greatest common factor of 1388210 and 95?
5
Calculate the highest common factor of 77580 and 388.
4
What is the highest common factor of 254790 and 1076823?
1341
Calculate the highest common divisor of 31075990 and 2024.
506
What is the highest common divisor of 1482 and 45666234?
114
What is the greatest common divisor of 519316 and 9758?
238
What is the highest common factor of 13737031 and 21?
7
Calculate the greatest common factor of 21828 and 46308.
204
Calculate the greatest common divisor of 1947 and 71013993.
177
What is the highest common factor of 10188568 and 143?
13
Calculate the greatest common factor of 13817872 and 13328.
272
Calculate the highest common divisor of 16925460 and 75.
15
Calculate the greatest common factor of 4462 and 39490058.
194
What is the highest common divisor of 21840 and 1878093?
21
Calculate the highest common divisor of 722171 and 367553.
199
What is the greatest common factor of 1139985 and 80135?
2585
Calculate the greatest common divisor of 10904001 and 759.
69
What is the greatest common divisor of 1345204 and 1427594?
1498
Calculate the highest common factor of 46 and 137974654.
46
Calculate the highest common factor of 505 and 806144125.
505
Calculate the highest common factor of 219704 and 83010232.
7576
What is the highest common factor of 7155 and 32187165?
795
Calculate the greatest common factor of 73228276 and 44.
44
Calculate the greatest common factor of 262 and 277589.
131
Calculate the highest common divisor of 310508704 and 5099.
5099
What is the highest common divisor of 21497 and 111151774?
3071
Calculate the highest common factor of 899 and 28845779.
31
What is the greatest common divisor of 18081 and 5458698?
441
What is the greatest common factor of 15876 and 25775820?
2268
Calculate the highest common factor of 61536 and 2417211.
1923
What is the highest common factor of 8418829 and 173351?
7537
Calculate the highest common divisor of 1595706 and 3416.
14
Calculate the highest common divisor of 4672 and 150.
2
Calculate the highest common divisor of 31650 and 350260.
2110
What is the highest common factor of 135 and 134140680?
45
Calculate the highest common factor of 13 and 66740167.
13
Calculate the highest common divisor of 289800 and 2239800.
600
Calculate the greatest common factor of 86614 and 80234.
22
Calculate the greatest common divisor of 2751 and 124843.
131
What is the greatest common divisor of 332906 and 938?
14
Calculate the greatest common divisor of 42891 and 19457231.
493
Calculate the greatest common factor of 38 and 365586923.
19
What is the greatest common divisor of 1354816 and 1024?
64
What is the greatest common divisor of 111855400 and 175?
25
Calculate the highest common factor of 767014676 and 4.
4
Calculate the highest common factor of 90 and 787935.
15
What is the highest common divisor of 14847 and 426937?
49
What is the greatest common divisor of 175 and 2747600?
25
What is the greatest common factor of 81399070 and 230?
230
What is the highest common factor of 25344 and 235840?
704
What is the highest common factor of 60 and 19007500?
20
Calculate the highest common factor of 3134 and 218718726.
3134
What is the highest common divisor of 1097755 and 52779?
241
Calculate the greatest common factor of 19768659 and 1662.
831
Calculate the highest common divisor of 130 and 35412065.
65
Calculate the highest common factor of 270 and 82330905.
15
What is the greatest common divisor of 3384479 and 7497?
833
What is the highest common divisor of 44 and 1475830?
2
What is the highest common divisor of 125797 and 882?
7
What is the highest common divisor of 1086 and 278758281?
543
What is the greatest common factor of 36 and 1741653?
9
Calculate the greatest common factor of 69216 and 668640.
672
Calculate the greatest common divisor of 34 and 59959.
17
Calculate the highest common factor of 33408418 and 92786.
5458
What is the greatest common factor of 6164 and 6457996?
268
Calculate the greatest common divisor of 4550 and 140078575.
2275
What is the greatest common factor of 149332 and 151552?
148
Calculate the greatest common divisor of 10730108 and 16.
4
What is the highest common divisor of 3483 and 47083237?
43
What is the highest common factor of 6808 and 2060